{"id":322,"date":"2019-09-09T20:59:58","date_gmt":"2019-09-09T20:59:58","guid":{"rendered":"http:\/\/supercom.pl\/?page_id=322"},"modified":"2020-02-18T20:52:44","modified_gmt":"2020-02-18T20:52:44","slug":"klauzula-informacyjna-rodo","status":"publish","type":"page","link":"https:\/\/supercom.pl\/?page_id=322","title":{"rendered":"Klauzula informacyjna RODO"},"content":{"rendered":"\n<p><\/p>\n\n\n\n<p>Zgodnie\nz art. 13 ust. 1 i ust. 2 og\u00f3lnego rozporz\u0105dzenia o ochronie danych\nosobowych z dnia 27 kwietnia 2016 r. informuj\u0119, i\u017c:<\/p>\n\n\n\n<p>1.\nAdministratorem Danych Osobowych jest: Supercom Rados\u0142aw Schejbal,\nul. Marcina Wato\u0142y 41, 41-106 Siemianowice \u015al\u0105skie, tel. 604 854\n702, e-mail: biuro@supercom.pl<\/p>\n\n\n\n<p>2. Reprezentantem Administratora Danych Osobowych jest: Rados\u0142aw Schejbal, tel. 604 854 702, e-mail: kontakt@iodo.edu.pl<\/p>\n\n\n\n<p>3.\nDane osobowe s\u0105 przetwarzane przez Administratora w celu realizacji\nzada\u0144 okre\u015blonych przepisami prawa oraz na podstawie prawnie\nuzasadnionych interes\u00f3w.<\/p>\n\n\n\n<p>Podstawy\nprawne przetwarzania:<\/p>\n\n\n\n<p>&#8211;\nRozporz\u0105dzenie Parlamentu Europejskiego i Rady (UE) 2016\/679 z dnia\n27 kwietnia 2016 r. w sprawie ochrony os\u00f3b fizycznych w zwi\u0105zku z\nprzetwarzaniem danych osobowych i w sprawie swobodnego przep\u0142ywu\ntakich danych oraz uchylenia dyrektywy 95\/46\/WE (og\u00f3lne\nrozporz\u0105dzenie o ochronie danych);<\/p>\n\n\n\n<p>&#8211;\nUstawa z dnia 10 maja 2018 r. o ochronie danych osobowych<\/p>\n\n\n\n<p>4. Odbiorcami danych osobowych s\u0105 podwykonawcy oraz firmy i osoby, z kt\u00f3rymi wsp\u00f3\u0142pracuje Administrator w celu realizacji prawnie uzasadnionych interes\u00f3w, w tym w zakresie: obs\u0142ugi BHP, zabezpieczenia informatycznego, obs\u0142ugi prawnej.<\/p>\n\n\n\n<p>5.\n Dane  osobowe nie b\u0119d\u0105 przekazywane do pa\u0144stwa trzeciego lub\norganizacji mi\u0119dzynarodowej.<\/p>\n\n\n\n<p>6.\nOkres, przez kt\u00f3ry dane osobowe b\u0119d\u0105 przechowywane: przez czas\nokre\u015blony przepisami prawa.<\/p>\n\n\n\n<p>7. Prawa przys\u0142uguj\u0105ce osobie, kt\u00f3rej dane s\u0105 przetwarzane:<\/p>\n\n\n\n<p>Osoba,\nkt\u00f3rej dane dotycz\u0105 ma prawo dost\u0119pu do tre\u015bci swoich danych oraz\nprawo do ich sprostowania, ograniczenia przetwarzania, prawo do\nprzenoszenia danych, prawo do wniesienia sprzeciwu, prawo do\ncofni\u0119cia zgody w dowolnym momencie (je\u017celi przetwarzanie odbywa\nsi\u0119 na podstawie zgody) oraz prawo do wniesienia skargi do Organu\nnadzorczego, gdy uzna, i\u017c przetwarzanie danych osobowych jego\ndotycz\u0105cych narusza przepisy og\u00f3lnego rozporz\u0105dzenia o ochronie\ndanych osobowych z dnia 27 kwietnia 2016 r. (UE 2016\/679). \n<\/p>\n\n\n\n<p>8.\nPodanie danych osobowych w celu realizacji zada\u0144 obj\u0119tych\nprzepisami prawa jest niezb\u0119dne. W niniejszym przypadku jest\nwarunkiem realizacji prawnie uzasadnionych interes\u00f3w.<\/p>\n\n\n\n<p>9.\nZautomatyzowane podejmowanie decyzji, w tym profilowanie nie b\u0119dzie\nstosowane do przetwarzanych danych.<\/p>\n","protected":false},"excerpt":{"rendered":"<p>Zgodnie z art. 13 ust. 1 i ust. 2 og\u00f3lnego rozporz\u0105dzenia o ochronie danych osobowych z dnia 27 kwietnia 2016 r. informuj\u0119, i\u017c: 1. Administratorem Danych Osobowych jest: Supercom Rados\u0142aw Schejbal, ul. Marcina Wato\u0142y 41, 41-106 Siemianowice \u015al\u0105skie, tel. 604 854 702, e-mail: biuro@supercom.pl 2. Reprezentantem Administratora Danych Osobowych jest: Rados\u0142aw Schejbal, tel. 604 854&#8230;<\/p>\n","protected":false},"author":1,"featured_media":0,"parent":0,"menu_order":0,"comment_status":"closed","ping_status":"closed","template":"","meta":{"footnotes":""},"class_list":["post-322","page","type-page","status-publish","hentry"],"_links":{"self":[{"href":"https:\/\/supercom.pl\/index.php?rest_route=\/wp\/v2\/pages\/322","targetHints":{"allow":["GET"]}}],"collection":[{"href":"https:\/\/supercom.pl\/index.php?rest_route=\/wp\/v2\/pages"}],"about":[{"href":"https:\/\/supercom.pl\/index.php?rest_route=\/wp\/v2\/types\/page"}],"author":[{"embeddable":true,"href":"https:\/\/supercom.pl\/index.php?rest_route=\/wp\/v2\/users\/1"}],"replies":[{"embeddable":true,"href":"https:\/\/supercom.pl\/index.php?rest_route=%2Fwp%2Fv2%2Fcomments&post=322"}],"version-history":[{"count":2,"href":"https:\/\/supercom.pl\/index.php?rest_route=\/wp\/v2\/pages\/322\/revisions"}],"predecessor-version":[{"id":331,"href":"https:\/\/supercom.pl\/index.php?rest_route=\/wp\/v2\/pages\/322\/revisions\/331"}],"wp:attachment":[{"href":"https:\/\/supercom.pl\/index.php?rest_route=%2Fwp%2Fv2%2Fmedia&parent=322"}],"curies":[{"name":"wp","href":"https:\/\/api.w.org\/{rel}","templated":true}]}}

<p></p>



<p>Zgodnie
z art. 13 ust. 1 i ust. 2 ogólnego rozporządzenia o ochronie danych
osobowych z dnia 27 kwietnia 2016 r. informuję, iż:</p>



<p>1.
Administratorem Danych Osobowych jest: Supercom Radosław Schejbal,
ul. Marcina Watoły 41, 41-106 Siemianowice Śląskie, tel. 604 854
702, e-mail: biuro@supercom.pl</p>



<p>2. Reprezentantem Administratora Danych Osobowych jest: Radosław Schejbal, tel. 604 854 702, e-mail: kontakt@iodo.edu.pl</p>



<p>3.
Dane osobowe są przetwarzane przez Administratora w celu realizacji
zadań określonych przepisami prawa oraz na podstawie prawnie
uzasadnionych interesów.</p>



<p>Podstawy
prawne przetwarzania:</p>



<p>&#8211;
Rozporządzenie Parlamentu Europejskiego i Rady (UE) 2016/679 z dnia
27 kwietnia 2016 r. w sprawie ochrony osób fizycznych w związku z
przetwarzaniem danych osobowych i w sprawie swobodnego przepływu
takich danych oraz uchylenia dyrektywy 95/46/WE (ogólne
rozporządzenie o ochronie danych);</p>



<p>&#8211;
Ustawa z dnia 10 maja 2018 r. o ochronie danych osobowych</p>



<p>4. Odbiorcami danych osobowych są podwykonawcy oraz firmy i osoby, z którymi współpracuje Administrator w celu realizacji prawnie uzasadnionych interesów, w tym w zakresie: obsługi BHP, zabezpieczenia informatycznego, obsługi prawnej.</p>



<p>5.
 Dane  osobowe nie będą przekazywane do państwa trzeciego lub
organizacji międzynarodowej.</p>



<p>6.
Okres, przez który dane osobowe będą przechowywane: przez czas
określony przepisami prawa.</p>



<p>7. Prawa przysługujące osobie, której dane są przetwarzane:</p>



<p>Osoba,
której dane dotyczą ma prawo dostępu do treści swoich danych oraz
prawo do ich sprostowania, ograniczenia przetwarzania, prawo do
przenoszenia danych, prawo do wniesienia sprzeciwu, prawo do
cofnięcia zgody w dowolnym momencie (jeżeli przetwarzanie odbywa
się na podstawie zgody) oraz prawo do wniesienia skargi do Organu
nadzorczego, gdy uzna, iż przetwarzanie danych osobowych jego
dotyczących narusza przepisy ogólnego rozporządzenia o ochronie
danych osobowych z dnia 27 kwietnia 2016 r. (UE 2016/679). 
</p>



<p>8.
Podanie danych osobowych w celu realizacji zadań objętych
przepisami prawa jest niezbędne. W niniejszym przypadku jest
warunkiem realizacji prawnie uzasadnionych interesów.</p>



<p>9.
Zautomatyzowane podejmowanie decyzji, w tym profilowanie nie będzie
stosowane do przetwarzanych danych.</p>

<p>Zgodnie z art. 13 ust. 1 i ust. 2 ogólnego rozporządzenia o ochronie danych osobowych z dnia 27 kwietnia 2016 r. informuję, iż: 1. Administratorem Danych Osobowych jest: Supercom Radosław Schejbal, ul. Marcina Watoły 41, 41-106 Siemianowice Śląskie, tel. 604 854 702, e-mail: biuro@supercom.pl 2. Reprezentantem Administratora Danych Osobowych jest: Radosław Schejbal, tel. 604 854&#8230;</p>
